 - 2*c + 61. What is the units digit of y(0)?
1
Let a(o) = 2*o**3 + o**2 + 5*o - 4. What is the tens digit of a(3)?
7
Let p(u) = 3*u**2 - 3*u + 1. Let m be p(2). Suppose -m*y + 3*y - 3*n = -16, -2*n = -3*y - 5. What is the units digit of y?
1
Let d be (-50)/(-18) - (-6)/27. What is the units digit of -1 + 4 - -1*d?
6
Let i(h) be the first derivative of -3*h**4/4 + h**2 + h - 1. What is the units digit of i(-1)?
2
What is the units digit of 40/14*(-175)/(-10)?
0
Suppose 5*n + l - 19 = 0, 3*n - 4*l = -2 - 5. Suppose -6*s + 3*s + n = 0. What is the units digit of s?
1
Suppose -3*a + 5*k = -5, 4*k = -k - 20. Let s = 13 + a. What is the units digit of s?
8
Let j(u) = u + 8. Let f(y) = -y - 2. Let a be f(4). Let g be j(a). Suppose -q - g*q + 2*p = -34, -5*q + 50 = -2*p. What is the units digit of q?
8
Let u(t) = -t**3 - 7*t**2 - 9*t + 21. What is the hundreds digit of u(-8)?
1
Let v = -14 + 2. Let x = 3 - v. What is the tens digit of x?
1
Let u = 2 + 0. What is the tens digit of ((-88)/(-55))/(u/15)?
1
Let j = 4 + 1. Let i = -4 - -4. Suppose -30 = -j*d - i*d. What is the units digit of d?
6
Let c be -5 + 3 + (-10)/(-2). Suppose k + 21 = 5*h + 2*k, h + 2*k + c = 0. What is the units digit of h?
5
Let l = -13 - -16. Suppose -m - 4*d = -39, 0 = -l*m + 4*d - 21 + 138. What is the units digit of m?
9
Suppose i = -2*i - 4*m + 20, 14 = 5*i - 3*m. Suppose -i*r + 20 = 4. Suppose -1 = r*o + 3*f - 5, -5*f - 5 = -5*o. What is the units digit of o?
1
Suppose a = -4*t + 194, -5*t + 3*a + 236 = a. What is the units digit of t?
8
Let y(g) be the second derivative of -g**3/2 - 9*g**2/2 + 5*g. What is the units digit of y(-5)?
6
Let r = -2 - -64. What is the units digit of r?
2
Suppose 2*r - 3 = 1. Suppose -r*a + 4*n = 50, 4*a + 5*n + 74 = -0*a. Let b = 32 + a. What is the tens digit of b?
1
Let h(l) = 2*l. Let b be 9 - ((-4)/2)/(-2). Let m be h(b). Suppose 3*j = -3*n + 4*j + 10, -4*n + 2*j + m = 0. What is the units digit of n?
2
Let z be 47 - (-1 - -4)/(-3). Suppose -5*k + z = -k. Suppose -k = -2*m - 2*w - 4, 4*w = -m + 7. What is the units digit of m?
3
Suppose 0 = 3*s + s. Let i be 2/(-4)*s/3. What is the units digit of 6 - (-1 + i) - -2?
9
Suppose -7*c - 72 = -3*c. Let y = -13 - c. What is the tens digit of (-1)/y + 528/40?
1
Let n(h) be the first derivative of h**4/4 + h**3 - 3*h**2/2 + 6. What is the units digit of n(2)?
4
Let c(a) = 3*a + 1. Let i be c(-2). Let m(q) = q**2 + 5*q + 3. Let v be m(i). Suppose -4*b = v*z - 24, -2*b = -5*b + 9. What is the units digit of z?
4
Let y be -2*(8/(-4) + 12). What is the tens digit of ((-21)/6)/(2/y)?
3
Let k(w) = w**3 + 8*w**2 - 6*w - 2. What is the tens digit of k(-8)?
4
Suppose 2*n - 382 = 5*q + 202, 0 = 5*n + 2*q - 1402. What is the units digit of n?
2
Let d be -10 - 6/2 - -2. Let u = 16 + d. What is the units digit of u?
5
Let o(x) = -4*x**2 + 2*x + 1. Let k be o(-1). What is the units digit of (k/(-4))/((-2)/(-8))?
5
Let d be ((-8)/10)/((-2)/(-10)). Let i be (d/10)/(2/10). Let s = i + 5. What is the units digit of s?
3
Suppose 0 = -5*y + 2*z - 1 - 14, 0 = -3*y - 4*z - 9. What is the tens digit of (y/(-2))/(2/52)?
3
Let q(u) = u**3 - 3*u**2 - 2. Let b = -7 - -11. What is the tens digit of q(b)?
1
Let x = 49 - 36. What is the units digit of x?
3
Let l(k) = k**3 - 5*k**2 - k + 7. Let a be l(5). Suppose -n = -1 + a, 0 = -3*z - 4*n + 32. What is the units digit of z?
2
Suppose -2 - 3 = -j. Let i = j + -3. What is the units digit of (2/i)/(-1) - -2?
1
Let k(f) be the second derivative of -5/12*f**4 + 1/2*f**2 - 1/20*f**5 + 0 - 5/6*f**3 + 2*f. What is the units digit of k(-4)?
5
Let q be 366 - (2 - 5 - -1). What is the units digit of q/24 - 4/(-6)?
6
Suppose 4*t - 4*i - 153 - 3 = 0, -2*t - 5*i = -78. Suppose 2*f = -f + t. What is the tens digit of f?
1
Suppose -2*k - 5 - 1 = 4*d, 4*d = 3*k - 31. What is the units digit of k?
5
Let g = 10 - -5. Suppose 3*v = 9 + g. What is the units digit of v?
8
Suppose 14 = 2*x - 24. What is the tens digit of x?
1
Let c(u) = u**3 - u**2 - u + 31. What is the units digit of c(0)?
1
Let q(v) = 18*v + 4. What is the units digit of q(3)?
8
Let c(m) = -m**2 + 5*m - 3. Let j be c(4). What is the tens digit of (j + -2 + -29)*-1?
3
Let r(k) = k**2 + 7*k + 6. Let n = -21 + 15. Let j be r(n). Suppose j = -t + 3 + 7. What is the tens digit of t?
1
Suppose 14*k - 16*k + 6 = 0. Suppose -k*m + 100 = 2*m. What is the tens digit of m?
2
Let x be (0 + 1/(-1))/(-1). Suppose 4*t = 4*c - 7*c - x, 3*t - 3 = -3*c. What is the units digit of (-4)/(t/3) + 1?
4
Let d be (-38)/(-8) - 3/(-12). Suppose -j + b + 6 = 0, -d*b = 2*j - 0*j + 23. What is the tens digit of 1/((-36)/(-33) - j)?
1
Suppose 3*r - r - 6 = 0. Suppose r*t = -0*t + 60. Suppose j = 3*g - t, -2*g + 8 = -5*j - 27. What is the units digit of g?
5
Suppose 38*f - 35*f - 120 = 0. What is the units digit of f?
0
Let s be ((-20)/6)/(6/(-9)). Suppose 10 = 5*c + s*j - 0, 3*j = -5*c + 12. Suppose 2*k + c*k = 10. What is the units digit of k?
2
Let i(s) = 2*s**2 + s. Let h be i(-2). What is the units digit of (5 - 5) + 1*h?
6
Let s(i) = -i + 11. What is the units digit of s(8)?
3
Suppose 2*b - 6 - 16 = 3*k, 37 = b + 5*k. What is the tens digit of b?
1
Let n be 2 + (-4 - -11) + -4. Suppose d = n*s - 161, -5*s = -s - 2*d - 130. What is the units digit of s?
2
Suppose 3*m + u + 21 = 0, -6*m - 24 = -3*m + 2*u. Let o(h) = -h**2 - 6*h - 8. Let z be o(m). Let v = z - -10. What is the units digit of v?
2
Let w(m) = -m**3 + 2*m**2 + 2. What is the units digit of w(0)?
2
Let w(o) = o + 21. What is the units digit of w(-10)?
1
Let p be 1 - ((3 - 6) + -3). Let y = p - -14. What is the tens digit of y?
2
Let p(g) be the second derivative of 7*g**3/6 - g**2/2 - g. Let b be p(-2). Let d = b + 23. What is the units digit of d?
8
Let w(q) = q**3 + 6*q**2 - 2*q - 9. Let r be w(-6). Suppose -27 + 159 = r*b. Let g = b - 24. What is the units digit of g?
0
Suppose 8*x = 11*x. Suppose z - 2*k - 10 = k, 5*z - 2*k - 37 = x. What is the units digit of z?
7
Suppose 81 = 5*x - 2*l - 5, 0 = -2*l - 6. What is the units digit of x?
6
Let u(b) = -184*b - 9. What is the hundreds digit of u(-2)?
3
Suppose -4*d - 23 = 3*s + 13, 2*d = -3*s - 24. Let v = d + 10. Suppose -35 = -v*y + 3*n, -4*n - 2 = -2*n. What is the units digit of y?
8
Let h = -34 + 70. Suppose h = b + 2*b. What is the tens digit of b?
1
Suppose 17 = 3*z - n, -n - 13 = -3*z + n. Let t = -2 + z. Let h = t + 14. What is the tens digit of h?
1
Let y(i) = -i**3 + 10*i**2 + 6*i. What is the tens digit of y(10)?
6
What is the units digit of 103*2/((-4)/(-6))?
9
Let k be (-6)/(-1) - 1/1. Let w be (-5)/25 + 1/k. Suppose -2*d + 5*y + 0*y + 14 = w, 0 = -3*d + 4*y + 14. What is the units digit of d?
2
Suppose 2*h - 5*o + 1 = 3, -h + 5*o = -1. Suppose -u = 4*i - 17, -2*u + 4*i - 32 = -6*u. Suppose r = -p + u - h, -5*r + 5 = 2*p. What is the units digit of p?
5
Suppose -6*m - 364 = -13*m. What is the units digit of m?
2
Let v be (-7)/3 - (-1)/3. Let t(m) = m**2 + 2*m + 3. Let o be t(v). What is the units digit of (3/2)/(o/8)?
4
Let z(r) = -2*r**2 + 39*r - 11. What is the units digit of z(19)?
8
What is the tens digit of 832/5 + (-4)/10?
6
Let g(x) = 2*x - 7. Let i be g(5). Suppose -8*a = -i*a - 10. What is the units digit of a?
2
Suppose -110 = 2*t - 7*t. Suppose 0 = -2*q - g + 2*g + 28, t = 2*q - 4*g. What is the tens digit of q?
1
Suppose 5*t = 2*b + 23, 0*t + b = -3*t + 16. Suppose 5*c - 10 = -y, t*c = 2*y - y + 10. Suppose -7 = -c*x - 3. What is the units digit of x?
2
Let m(k) be the third derivative of -k**6/120 - k**5/5 - k**4/8 - 11*k**3/6 + k**2. What is the tens digit of m(-12)?
2
Let b(f) = 2*f**2 - 8*f - 18. What is the hundreds digit of b(12)?
1
Let m = 2 - 3. Let s be (m - 2)*8/(-6). Suppose -4*l = s*v - 52, 2*l + 16 - 2 = 3*v. What is the units digit of v?
8
What is the units digit of (-4)/10 + (-35)/(-25)?
1
What is the tens digit of (-1 - (-6 + -49)) + 4/1?
5
Let r(k) = 5*k + 6. Let o(j) = -9*j - 13. Let v(a) = 6*o(a) + 11*r(a). Let g be v(10). Let i(s) = 3*s**2 + s. What is the tens digit of i(g)?
1
Let n(i) = i**3 - 8*i**2 + 4. Let j be n(8). Suppose -j = 3*t - 5*t. Let d = 3 - t. What is the units digit of d?
1
Suppose 3*z - 2*z - 26 = 0. What is the tens digit of z?
2
Suppose -4*x = 2*m + 136, 0 = 3*m + 2*x + 315 -